 by 1326.
1321
Calculate the remainder when 339070 is divided by 113020.
10
Calculate the remainder when 14650 is divided by 2928.
10
What is the remainder when 236215 is divided by 83?
80
What is the remainder when 121090 is divided by 36?
22
What is the remainder when 2057 is divided by 230?
217
Calculate the remainder when 368 is divided by 117.
17
What is the remainder when 4842 is divided by 1601?
39
What is the remainder when 4923 is divided by 4916?
7
Calculate the remainder when 54636 is divided by 42.
36
What is the remainder when 31363 is divided by 12?
7
Calculate the remainder when 17371 is divided by 125.
121
What is the remainder when 45753 is divided by 60?
33
What is the remainder when 163754 is divided by 81877?
0
What is the remainder when 19102 is divided by 52?
18
Calculate the remainder when 11494 is divided by 162.
154
What is the remainder when 310201 is divided by 77545?
21
What is the remainder when 43890 is divided by 10967?
22
Calculate the remainder when 17908 is divided by 2982.
16
Calculate the remainder when 42479 is divided by 3851.
118
What is the remainder when 2880 is divided by 949?
33
What is the remainder when 10682 is divided by 36?
26
Calculate the remainder when 109644 is divided by 712.
708
Calculate the remainder when 11851 is divided by 514.
29
Calculate the remainder when 2091 is divided by 484.
155
Calculate the remainder when 2877 is divided by 190.
27
Calculate the remainder when 1294741 is divided by 8.
5
Calculate the remainder when 212295 is divided by 140.
55
What is the remainder when 117796 is divided by 6199?
15
What is the remainder when 54291 is divided by 9?
3
Calculate the remainder when 4676 is divided by 428.
396
What is the remainder when 4468 is divided by 15?
13
What is the remainder when 4015 is divided by 750?
265
What is the remainder when 24775 is divided by 437?
303
Calculate the remainder when 10299 is divided by 412.
411
What is the remainder when 1687 is divided by 853?
834
Calculate the remainder when 7501 is divided by 1115.
811
Calculate the remainder when 20078 is divided by 633.
455
What is the remainder when 17655 is divided by 328?
271
What is the remainder when 71878 is divided by 30?
28
What is the remainder when 998995 is divided by 309?
307
What is the remainder when 140030 is divided by 60?
50
What is the remainder when 33289 is divided by 29?
26
What is the remainder when 1323 is divided by 204?
99
Calculate the remainder when 2810 is divided by 681.
86
What is the remainder when 86287 is divided by 778?
707
What is the remainder when 5536 is divided by 12?
4
Calculate the remainder when 3678 is divided by 513.
87
What is the remainder when 155 is divided by 46?
17
What is the remainder when 17823 is divided by 1127?
918
Calculate the remainder when 175281 is divided by 223.
3
Calculate the remainder when 3061 is divided by 610.
11
What is the remainder when 237 is divided by 44?
17
What is the remainder when 3512 is divided by 88?
80
Calculate the remainder when 4982 is divided by 40.
22
Calculate the remainder when 3486 is divided by 106.
94
What is the remainder when 527 is divided by 61?
39
Calculate the remainder when 22500 is divided by 168.
156
What is the remainder when 1358 is divided by 170?
168
What is the remainder when 3907 is divided by 279?
1
What is the remainder when 203707 is divided by 11?
9
What is the remainder when 21245 is divided by 4229?
100
What is the remainder when 7484 is divided by 417?
395
What is the remainder when 188725 is divided by 21?
19
What is the remainder when 71544 is divided by 38?
28
Calculate the remainder when 1193187 is divided by 155.
152
Calculate the remainder when 6621 is divided by 72.
69
What is the remainder when 411316 is divided by 418?
4
Calculate the remainder when 8809 is divided by 54.
7
What is the remainder when 33691 is divided by 6736?
11
Calculate the remainder when 6890 is divided by 289.
243
What is the remainder when 19983 is divided by 300?
183
Calculate the remainder when 121846 is divided by 25.
21
What is the remainder when 844003 is divided by 210997?
15
Calculate the remainder when 108149 is divided by 286.
41
Calculate the remainder when 321476 is divided by 2.
0
Calculate the remainder when 12836 is divided by 1253.
306
What is the remainder when 34807 is divided by 34805?
2
What is the remainder when 95235 is divided by 407?
404
Calculate the remainder when 6156 is divided by 556.
40
What is the remainder when 15544 is divided by 99?
1
Calculate the remainder when 768 is divided by 284.
200
Calculate the remainder when 10957 is divided by 130.
37
What is the remainder when 21342 is divided by 32?
30
Calculate the remainder when 10587 is divided by 5292.
3
Calculate the remainder when 889 is divided by 3.
1
Calculate the remainder when 8368637 is divided by 1868.
1865
Calculate the remainder when 620300 is divided by 32.
12
What is the remainder when 473471 is divided by 144?
143
What is the remainder when 157141 is divided by 147?
145
What is the remainder when 53362 is divided by 65?
62
Calculate the remainder when 24345 is divided by 47.
46
What is the remainder when 5672 is divided by 514?
18
What is the remainder when 73260 is divided by 7?
5
Calculate the remainder when 1964 is divided by 57.
26
What is the remainder when 33761 is divided by 45?
11
Calculate the remainder when 350 is divided by 300.
50
Calculate the remainder when 58954 is divided by 14722.
66
What is the remainder when 2988 is divided by 27?
18
Calculate the remainder when 96692 is divided by 579.
578
Calculate the remainder when 32664 is divided by 13.
8
What is the remainder when 12722 is divided by 13?
8
Calculate the remainder when 2518 is divided by 508.
486
What is the remainder when 8779 is divided by 122?
117
What is the remainder when 557 is divided by 500?
57
Calculate the remainder when 3884 is divided by 235.
124
Calculate the remainder when 151529 is divided by 33.
26
Calculate the remainder when 1679425 is divided by 404.
401
Calculate the remainder when 9878 is divided by 9871.
7
Calculate the remainder when 324994 is divided by 625.
619
Calculate the remainder when 155470 is divided by 25.
20
Calculate the remainder when 189836 is divided by 15818.
20
What is the remainder when 349 is divided by 166?
17
Calculate the remainder when 2359 is divided by 327.
70
Calculate the remainder when 1491 is divided by 143.
61
What is the remainder when 1859686 is divided by 184?
182
Calculate the remainder when 32349 is divided by 10768.
45
What is the remainder when 6000 is divided by 136?
16
What is the remainder when 38146 is divided by 66?
64
Calculate the remainder when 215169 is divided by 22.
9
Calculate the remainder when 11312 is divided by 111.
101
What is the remainder when 313942 is divided by 103?
101
What is the remainder when 101287 is divided by 750?
37
Calculate the remainder when 7266 is divided by 2422.
0
What is the remainder when 5492 is divided by 56?
4
Calculate the remainder when 4460 is divided by 1448.
116
Calculate the remainder when 164387 is divided by 266.
265
Calculate the remainder when 74800 is divided by 21.
19
Calculate the remainder when 64278 is divided by 2238.
1614
What is the remainder when 48520 is divided by 148?
124
What is the remainder when 58920 is divided by 19632?
24
Calculate the remainder when 401765 is divided by 471.
2
Calculate the remainder when 19051 is divided by 94.
63
Calculate the remainder when 2301498 is divided by 14.
10
What is the remainder when 227659 is divided by 157?
9
Calculate the remainder when 14760 is divided by 314.
2
What is the remainder when 23429 is divided by 108?
101
What is the remainder when 4835 is divided by 1608?
11
What is the remainder when 228711 is divided by 49?
28
Calculate the remainder when 17015 is divided by 334.
315
Calculate the remainder when 9026 is divided by 1150.
976
What is the remainder when 28670 is divided by 51?
8
Calculate the remainder when 4644 is divided by 919.
49
What is the remainder when 252 is divided by 60?
12
Calculate the remainder when 1070 is divided by 36.
26
What is the remainder when 242032 is divided by 1592?
48
Calculate the remainder when 1922 is divided by 99.
41
What is the rem